 - 10 = 0. Suppose -b + s = -o*b. What are the prime factors of b?
2, 5
Let p be 10/4*2*70. Suppose 6*t - p = -92. Let q = -22 + t. List the prime factors of q.
3, 7
Suppose -k - 4*k + 20 = -m, 0 = 5*k + m - 30. Suppose 0 = 4*h - 5*j - 358, h - k*h + 3*j + 362 = 0. What are the prime factors of h?
2, 23
Let i = -217 - -357. Let d = 210 - i. What are the prime factors of d?
2, 5, 7
Suppose d - 2 = 4*h, 10 = -h + 5*h + 5*d. Suppose -f + y - 2*y = -108, -5*f - y + 524 = h. List the prime factors of (f/(-10))/(2/(-5)).
2, 13
Let f(r) = 5*r + 198. List the prime factors of f(7).
233
Let g be (-822)/24*(-2 + -1)*4. Suppose s + 53 = -4*j + 458, 4*j = s + g. List the prime factors of j.
2, 3, 17
Let w = -1 + -9. Let b(g) be the third derivative of -g**6/120 - 3*g**5/20 + 3*g**4/8 - g**3/2 - 22*g**2. What are the prime factors of b(w)?
7
Suppose 0 = -c - 2*c - 54. Let g = 27 + 18. Let u = g + c. List the prime factors of u.
3
Let o(r) = -2*r + 2. Let y be o(-3). Suppose 2*t + 2 = -0*t + q, t = -3*q - y. What are the prime factors of t/3 - 350/(-30)?
11
Suppose 4*g = 92 + 136. Let p = 4 + g. Suppose -69 = -3*k + 4*d + p, -k + 56 = 5*d. What are the prime factors of k?
2, 23
Suppose c - 2 = -0*c - 3*s, -3*c - 6 = 5*s. What are the prime factors of 142 - ((-2)/c - (-28)/(-98))?
2, 71
Let b(f) = f**3 + f**2 + f + 4. Let q be (2 - 2)/(2/(-2)). Let z be b(q). Suppose -z*j + 5*x + 40 = x, 3*j = -4*x + 16. List the prime factors of j.
2
Let u(x) = 3*x**3 + 4*x**2 - 3*x + 3. Let j be u(2). Let c = j + -24. What are the prime factors of c?
13
Let f = -689 - -2031. List the prime factors of f.
2, 11, 61
Suppose 8*o + i = 3*o + 175, 0 = -2*i. Suppose 35 = a - o. What are the prime factors of a?
2, 5, 7
List the prime factors of 1112/18 - (-24)/108.
2, 31
Suppose t + 12 = 2*r, 4*r + t + 3*t = 0. Suppose r*a - 64 = a - v, 0 = -4*a - 5*v + 89. What are the prime factors of a?
3, 7
Let a(m) be the third derivative of m**5/60 - m**3/6 - 2*m**2. Let q(i) = -2*i**2 + i - 29. Let j(s) = -3*a(s) - q(s). What are the prime factors of j(0)?
2
Let l(c) = -c**3 + 26*c**2 - 30*c + 48. List the prime factors of l(14).
2, 3, 5, 11
Let h be (-130)/50 - -2*3/(-15). Let u(o) = -9*o - 4. What are the prime factors of u(h)?
23
Suppose 0 = -9*o + 5*o - 12, -n + 3*o = -263. List the prime factors of n.
2, 127
Suppose 4*k - 3*t - 2*t - 3936 = 0, -984 = -k - 2*t. List the prime factors of k.
2, 3, 41
Let s be (3*-2 - 0)/(-2). Suppose 9*t - 14*t = -560. Suppose x + 36 + 40 = s*u, 4*u = 4*x + t. What are the prime factors of u?
2, 3
Suppose -5*y - 3*f = 1126 - 5344, 0 = -4*y + 4*f + 3400. List the prime factors of y.
2, 3, 47
Let r(l) = -25*l - 6. Let z be 9/(-6) + 6/(-4). List the prime factors of r(z).
3, 23
Let y(x) = x + 11. Let b(k) = k. Let o(f) = -2*b(f) + y(f). Let h be o(7). Suppose -h*t = 3*p - 234, -4*t - p + 258 = 20. List the prime factors of t.
2, 3, 5
Let t(g) = 3*g**3 + g**2 + 2*g - 4. Suppose 2 = 4*n - 6. List the prime factors of t(n).
2, 7
Let q(i) = -175*i - 41. What are the prime factors of q(-6)?
1009
Let h = 31 + -31. Suppose 70 = -h*g + 5*g. List the prime factors of g.
2, 7
Let g(x) = x**2 - 13*x - 13. Let d be g(15). Let i = -13 + d. Let h(l) = -l**3 + 7*l**2 - 8*l + 3. What are the prime factors of h(i)?
19
Let h = 5 - 3. Let r(f) = f**h + 2*f - 2 + 0*f**2 - 4*f - 2. List the prime factors of r(6).
2, 5
Let g = 3 + -1. Let y be g + -2 + 3 + 1. Suppose -y*x + 29 = -23. What are the prime factors of x?
13
Let n(s) = -2*s**3 - 4*s + 13 + 9*s**2 + 4*s + 3*s**3. What are the prime factors of n(-8)?
7, 11
Let v be 4/18 - 966/(-27). Let w be 368/v - 2/9. What are the prime factors of -2*2/(-8)*w?
5
Let z = 14 - 10. Suppose 1 = 14*c - 27. Suppose 0 = -4*y - z, -2*y = 2*g + c*y - 132. List the prime factors of g.
2, 17
Let h(i) = -59*i + 290. List the prime factors of h(-5).
3, 5, 13
Suppose 7*z = -692 + 153. Let t = z - -142. List the prime factors of t.
5, 13
Let w(l) = 5*l + 5. Let v be w(-1). Suppose -6*o + 405 + 393 = v. What are the prime factors of o?
7, 19
Suppose -1864 = -3*j - t, -4*j + 2*t + 633 + 1869 = 0. List the prime factors of j.
7, 89
Suppose -3*l - 2*l - 4*i = -33, 0 = l + 2*i - 3. Let d be l/6*34/3. Suppose 10 = z - d. What are the prime factors of z?
3
Suppose 8 = -2*p, 5*q - p - 4*p = 40. List the prime factors of (1 - q) + -4 + (-321)/(-3).
2, 5
Let b be -10 - -1 - (-3 - (-12)/3). Let k(t) = t**2 + 9*t + 7. What are the prime factors of k(b)?
17
Suppose -14*i = -223 - 7099. What are the prime factors of i?
523
Let y be 6/4*((-28)/6 + 2). List the prime factors of -3 + 1 - 450/(-1 + y).
2, 11
Suppose z - 76*x - 2077 = -75*x, 4*x + 12 = 0. List the prime factors of z.
2, 17, 61
Suppose -28*c + 30*c - 990 = 0. Let p = c + -301. List the prime factors of p.
2, 97
Suppose 0 = r - r - 2*r. Suppose 0 = -3*l - l + 4*x + 48, r = -2*l - 5*x + 31. What are the prime factors of l?
13
Suppose k + 0*c - 1 = -5*c, -4*k + 5*c - 21 = 0. Let t be k/(8/(-134)) + 2. Suppose -4*f + t = -f. List the prime factors of f.
23
Let p(r) = -20*r - 10. Let y(c) be the first derivative of 7*c**2/2 + 3*c + 4. Let a(q) = -6*p(q) - 17*y(q). What are the prime factors of a(8)?
17
Let v(h) = -h**3 + 14*h**2 + 13*h + 16. Let g be v(14). Suppose 4*m - m - g = 3*o, 2*m - 148 = -2*o. What are the prime factors of m?
2, 5, 7
Suppose -17*r = 1559 - 10399. List the prime factors of r.
2, 5, 13
Let l(d) = 2*d + 38. Let k be l(-14). What are the prime factors of (-1389)/(-7) - (k/7 + -2)?
199
Let i be ((-1)/2)/((-3)/36). Suppose -i = -0*y - 3*y. List the prime factors of 3/y*14/3.
7
Suppose 14*m = 3*m + 198. Suppose 0 = 2*o - 8 + 22. Let h = m + o. What are the prime factors of h?
11
Suppose -w + 2*u + 8 = 2, -2*w + 18 = 2*u. Suppose -w*b + b = -833. List the prime factors of b.
7, 17
Suppose v + 38 = 43. Suppose -25 = v*l, -4*c = -3*c + 4*l - 127. What are the prime factors of c?
3, 7
Let b = 2762 + -1808. What are the prime factors of b?
2, 3, 53
Suppose q + 3*q + 2*d - 6 = 0, -4*q - 5*d = -3. Suppose -6*s + 2*s = -4*v - 1264, -q*s + 647 = v. List the prime factors of s.
3, 107
Let z(i) = 4*i + i**3 - i - 7*i + 2*i + i**2 + 2. Let v be z(0). List the prime factors of (-7)/(-2*v/20).
5, 7
Suppose -2*g - 18*g + 11600 = 0. List the prime factors of g.
2, 5, 29
Let a(w) = w**2 + 3*w + 7. Let o = 31 + -25. List the prime factors of a(o).
61
Suppose 0*h + n + 5 = h, -3*n - 23 = -5*h. Suppose -20 = -h*v - v, 15 = m - 3*v. List the prime factors of m.
3
Let c be (2 - 2)/(-3 - -6). Suppose j - 28 = 3*o, -20 = -j - c*o - 5*o. What are the prime factors of j?
5
Let b = 26 - -114. Suppose -4*u = 44 - b. What are the prime factors of u?
2, 3
Let o(s) = -61*s - 98. What are the prime factors of o(-9)?
11, 41
Suppose -5*u = -8*u. Suppose u = -4*r + 57 + 51. Suppose 0 = -3*y + 2*i + 35, -7*y + 5*i + r = -5*y. List the prime factors of y.
11
Suppose 90 + 87 = -s. Let x = s + 250. Let i = 147 - x. List the prime factors of i.
2, 37
Suppose -19*p = -13354 - 6387. List the prime factors of p.
1039
Suppose -3*u - 5*x = 4, x + 3*x + 14 = 3*u. Suppose p - 1 = -0*p + h, -p + 2 = -u*h. Suppose p*j = j - k - 7, 4*j - k - 43 = 0. What are the prime factors of j?
2, 3
Let h = 37 - 28. Let u = 14 - h. List the prime factors of u.
5
Let a(p) = 210*p + 36. List the prime factors of a(3).
2, 3, 37
Let k be 1 - 3 - (2 - 44). Suppose b - k = 33. What are the prime factors of b?
73
Let a(h) = h**3 - 7*h**2 - 10*h + 12. Let p be a(8). Let c be (4 + -6)/((-1)/1). List the prime factors of c/p*-2 + 8.
3
Let a(y) = y**3 + 9*y**2 - 2*y - 13. Let s be a(-9). Suppose 0 = -0*x - s*x + 20. Suppose -x*w - 5*i = -59, 0 = 2*i - 1 - 5. List the prime factors of w.
11
Let g be 2/((-9)/(2466/(-4))). Suppose -28 - g = -5*o. What are the prime factors of o?
3, 11
Suppose 0 = 4*p + r - 4797 - 1300, -4*r + 4 = 0. What are the prime factors of p?
2, 3, 127
Suppose 4*f = -88 - 36. Let n = f - -63. What are the prime factors of n?
2
Suppose -5*n - 2 = 2*z - 3, n = -z - 1. List the prime factors of 44*((-4)/(-16))/n.
11
Let h(z) = 26*z**2 + 25*z - 183. What are the prime factors of h(10)?
3, 7, 127
Suppose 0 = -7*q + q + 30. Let c(a) = 5*a**2 - 2*a + 5. List the prime factors of c(q).
2, 3, 5
Let t be 8/(2/(-7) + (-100)/(-315)). Suppose -75 = -